4 - (4 - 9) - (-7 - (-11 + 9 + -2)).
82
What is 7 - (-15 + 14 + -13 - (-6 + 6 + -4))?
17
-5 + (25 - 0) - (-710 - -689)
41
Evaluate (7 - (6 - 16 - -15)) + (-72 - -7) - 1.
-64
2 - (30 + (-51 - -63 - (29 + -3)) - 2)
-12
(-12 - -31) + -20 - (-56 - -1)
54
Calculate -3 - -58 - 3 - -4 - (-11 - (59 + -59)).
67
Evaluate (-1 - 10) + -27 + 19 + -10.
-29
Calculate -37 - (1 - -1) - (-2 + -83).
46
-26 + 31 - (-82 - -134)
-47
3 + -2 + 37 - (5865 + -5866)
39
0 - -1 - -10 - -1 - (327 + -160 - 89)
-66
Evaluate -94 + 190 + -288 + 139.
-53
Calculate -21 - (-19 + (-13 - (4 + -34))).
-19
Calculate -104 + (66 - -193) + -106.
49
What is -24 + 1 - ((148 - 137) + 42)?
-76
53 + (18 - 23) + -13 - (-1 - (2 - 0))
38
What is the value of 2 + 5 + (5 + 2 - (-32 - -64) - 23)?
-41
What is the value of -70 + 25 + 1 - (0 + -2 - -3 - -4)?
-49
What is (70 - 98) + (-2 - -13) + 30 + -46?
-33
Calculate (5573 - 5549) + (3 - (158 - -1)).
-132
Calculate -20 + 11 + ((1 - 2) + 91 - (-347 + 351)).
77
Calculate 47 - ((62 - -16) + -67).
36
What is the value of 10 - -16 - 16 - (-11 - (-4 - -97))?
114
What is -39 + 55 + 19 - ((3 - 8 - -6) + 2)?
32
What is the value of 7 + -52 + 510 + -464?
1
Calculate (-7 - (24 + -16) - 3) + -11.
-29
What is the value of -17 + (31 - (133 - -1)) - -33?
-87
(-32 - -29 - -11) + -25
-17
What is 54 + -5 + -14 + 1 + 3?
39
-8 + (14 + -8 - -6) + -13 + -43
-52
(20 - (-55 + 54)) + -29
-8
Evaluate (-43 - (8 - 45)) + 5 + -3 + 0 + 33.
29
(-127 - -109) + (-108 - (0 + 6 + -1))
-131
What is the value of -40 - (7 + (-2 - -41)) - -42?
-44
(2 - -40) + 768 + -790 - 103
-83
What is the value of 165 + -254 - (14 - (20 - 4))?
-87
Calculate (18 - -38) + -13 + -1 + 26.
68
-21 + 1 + (178 - 114 - 14)
30
What is the value of 23260 + -23249 + -1 + 6?
16
Evaluate 1316 + -1248 - (17 + -3).
54
What is (-12 - -22 - 12) + -18 + 6 - (0 + -7)?
-7
What is the value of (-59 - (-5 + 0 - -17)) + 6 - (3 - -5)?
-73
Evaluate -147 + 120 - (36 - 5).
-58
Calculate -32 + -3 + (20 - 36 - -21).
-30
What is the value of 68 - (155 + -88 - -35)?
-34
What is the value of 20 + (-16 - 13) + -12 + 0 + -21?
-42
What is the value of (-1 - 58) + (1 - (-5 - 9)) + -3 + -4?
-51
-1 + 89 - (24025 - 24009)
72
Evaluate -35 + -94 + -65 + 106.
-88
What is the value of (123 - (226 + -146)) + -163 + 1?
-119
(-84 - -88) + -1 + 9 + (-5 - (1 - 6))
12
Calculate (189 - 297) + -64 + 68.
-104
-76 - (273 + -144 - 228)
23
What is -1 - (-1 - -53) - (26 - (-24 - (42 + -89)))?
-56
What is 59 - (-56 - (2 + -8))?
109
24 + -16 + ((19 - 10) + -16 - -9)
10
Calculate (-1 - 97) + (138 - 40).
0
Evaluate -32 + (46 - 59 - (3 + (-9 - 1 - -3))).
-41
What is (-13 + 13 - -8) + (-5 - 7 - 10)?
-14
Evaluate -55 - -2 - ((-129 - -73) + 34).
-31
What is the value of 126 + -21 + -40 + (-3 - -13 - 3) + -4?
68
(56 - 12) + (-116 - -112)
40
What is (55 - 1) + 6768 + -6847?
-25
Evaluate -2263 - -2244 - (-93 + 2 + -8).
80
-135 - (41 + -38 + -21 + 3 + 7 - -13)
-140
(9 - (127 + -34 + 44)) + 35
-93
Evaluate (-20 - -9) + (22 - (3 - -4) - 8).
-4
Calculate 6 + (-16 - 2 - ((18 - 35) + 17)) + 8.
-4
-1 + -36 - (1 + 21 + (0 - 25) + 1)
-35
What is (28 - 21) + 11 + (8 - -12)?
38
Calculate -155 + -7 + 4 - (-174 + (-94 - -252)).
-142
What is the value of 0 + 24 - (14 + -23 + 24)?
9
Calculate -71 + (16 - 2 - (35 + -33) - -6).
-53
Calculate (-2 + 11 - (206 - 227)) + -1.
29
What is the value of -25 + 8 + (18 - 18) + -54 - (-7 + -1)?
-63
What is 23 - 4 - (151 + -138 - (5 + 1 + -4))?
8
What is the value of 1 + -68 + (20 - (-80 - -70))?
-37
What is the value of (-45 - (82 + (-39 - 6))) + 13 + -1?
-70
-55 + 45 + -2 + 29 + 16
33
Evaluate -52 + -17 - (3 + -122).
50
What is the value of 1 + -52 + -1 + (-306 + 187 - -122)?
-49
What is 40 + (-83 - -42 - -43)?
42
What is the value of 11 + (-3 - -9) + -8 + 1 + (12 - 4)?
18
What is the value of -32 + 5 + 24 + 29?
26
Calculate -7 + 18 - (7 + -5 + (15 - -3)).
-9
Evaluate (13 - 37) + (-13 - -33).
-4
What is (-14 - -7) + -61 + (-33 - -58)?
-43
What is 20 + 1 - (5 + -28 - (-39 - -29))?
34
Evaluate -22 + 92 + (-55 - -15) - (1 + 1).
28
Calculate (5 - 2) + 0 - 1 - (498 - 526).
30
What is the value of (41 - 47) + -19 - 8?
-33
Calculate -37 + 25 - (47 + -23).
-36
(-43 - -57) + 78 + -48
44
(69 - (6 + 46)) + 26
43
Calculate (44 - (47 - 50)) + 14.
61
Calculate -21 + ((231 - 228) + (0 - (-1 + 6)) - 7).
-30
Calculate (90 - 1 - (-1 - -1)) + (61 + -4 - 60).
86
What is the value of -28 - 4 - ((-26 - -12) + 8 + 3)?
-29
Calculate (10 + -8 + 11 + -1 + -9 - 11) + -30.
-38
Calculate -7 + -4 + (-101 - (-46 - -5)).
-71
Calculate 44 + -15 + 44 + -21.
52
What is the value of 120 - (-132 - (78 + -404))?
-74
What is 3362 + -3390 + -12 + (2 - 2) + 2?
-38
3 + 0 - ((7 - 22) + (51 - 6))
-27
Calculate (3 - 75) + (-5 - ((3 + -13 - -15) + -19)).
-63
Calculate 427 + -446 + (-19 - -2) + 3 + -1 + 8.
-26
Evaluate (0 - (2 + -1 + 2) - -44) + (-2296 - -2297).
42
-30 + 28 + -16 + 13 + -10
-15
Calculate 17 + 164 + -40 - 43 - (2 + 17).
79
What is -83 - (1 + 3 + -6 - (-10 - 0))?
-91
What is the value of (-88 - -51 - -44) + (-2 - 44)?
-39
Evaluate 44 - (-5 - -41) - 27 - -1.
-18
What is the value of (-68 - -74) + (1 - 0) - 8?
-1
(44 - 67) + 248 - 92
133
What is the value of -48 - (-17 + (11 - -16) - 20 - -2)?
-40
What is the value of (330903 - 330874) + (0 - ((-1 - 0) + -6 + -1))?
37
Calculate -9 + -12 - (50 + 18 + -36).
-53
4 - (-56 - -23 - 30 - -36)
31
Calculate 120 + -132 + -1 + -46 + 27 + -24.
-56
Evaluate 306 + -301 - (81 - -1 - 0).
-77
What is the value of (42 + -63 - -93) + -26?
46
What is the value of 26 - 20 - -22 - (-125 + 227)?
-74
Evaluate (44 - -11) + -13 - (2 - (-1 + -3 - -11)).
47
-14 + -3 - (-34 + 30 - 4)
-9
Calculate (-51 - 5 - (313 - 515)) + (10 - 2 - 1).
153
What is the value of -18 - -1 - (-13 - -12 - 62 - -45)?
1
Calculate -85 + -6 + 5 + (35 + -6 - (40 - 19)).
-78
What is (-113 + 372 - 101) + -144?
14
Evaluate (-41 - (-11 + -57)) + -16 + 1.
12
Evaluate (-72 - -117) + 17 - 44.
18
What is the value of -22 - ((-21 - (-6 - (8 - 8))) + (-1 - -11))?
-17
Calculate -49 + 115 + (-27 - 10).
29
What is the value of (12 - ((-21 - -39) + 19)) + 4 + 43?
22
What is -174 + -44 + 113 - -57?
-48
Calculate (48 - (44 + -177)) + -103.
78
(0 - (2 + -10)) + 54 + 6 + (-10 - 0)
58
Calculate (63 - 14) + -51 + 23.
21
-19 + (-18 - -30) - -13 - (-1 - 2 - -4)
5
Evaluate -22 + 16 + 7 + -23 - 36.
-58
What is the value of 86 + 39 + -57 + -73?
-5
What is (-18 - (-8 - (20 + -7))) + 1 + 3 - -14?
21
What is 1 + -18 + 2 - (695 - 666)?
-44
What is the value of 35 + (17 - 30) - (7 + -8)?
23
What is -1 - (-16 - (-1 - 1)) - (-176 + -205 - -375)?
19
(-429 - -289) + (20 - -66)
-54
0 - (-234 + 177) - (-17 + 1)
73
What is (746 - 720) + -3 + -7?
16
Calculate 52 - (-19 + 76 - -24).
-29
What is the value of 50 - (-68 + (22 - -99))?
-3
What is the value of -2 + (0 - -5 - (-76 - -72 - (21 - 4)))?
24
What is the value of (28 - 44 - (-21 - 6)) + 69 - 11?
69
What is 39 - (33 + 48) - -4?
-38
-1 + (-3 - -23 - (33 + -37)) + 1
24
What is the value of -4 + 1 + 4 + 53 + (1 - 37)?
18
What is the value of (522 - 585) + -16 + -43?
-122
Calculate -64 - (-18 + 2) - (-13 + 16 + 8).
-59
What is 6 + (1 - -6 - 7 - -11 - -24)?
41
What is the value of 18 - ((-8 - 6 - -9) + 1 + 45)?
-23
What is the value of 56 + -121 + 23 + 82?
40
Evaluate -13 + -1 + (-57 - (134 + -154 - (2 - 25))).
-74
Evaluate 6 + (-17 - (-3 + 2) - 38).
-48
What is -66 - (7 - 93) - -45?
65
What is 91 + (-49 - (37 + -84)) + -13?
76
Calculate -73 + 71 - (7 - -1) - -34.
24
What is (44 - 37) + (2 - (5 + -2)) - (41 + -1)?
-34
Calculate 23 - (-15 + -11 + 9 + 46).
-6
81 - (121 + -81 - 69)
110
What is -10 + (-4 - (-22 + 4 + 8) - 68)?
-72
What is the value of -29 + 203 - 183 - (-2 - (1 - (-2 - -32)))?
-36
What is 1547 + -1616 - (-25 - (-2 + -1))?
-47
Calculate 43 + -39 - (-2 - 7 - 9).
22
Evaluate 7 + (12 - (6 - 12 - -80)).
-55
5 - (-5 - (8 - 28) - (-21 - -120))
89
What is -3 + -1 + -88 - (64 - (-111 - -178))?
-89
What is -67 + (-36 - -82) - -37?
16
-966 - -949 - (2 + 2 - -3)
-24
Calculate (-45 - (7 + -44)) + (-3 - (-3 - (36 - 5))).
23
Calculate -1 + (10 + (-9 - 23) - -8).
-15
What is the value of -44 + -108 + 184 + (-21 - -1)?
12
63 + -1 - (5 - (21 - 7) - -7) - 4
60
Evaluate (24 - (42 + -17) - (52 + 1)) + 4.
-50
21 + (7 + (-36 - -13) - -71)
76
Evaluate (-2 - 9 - -10) + 6 - (-11 +